. Let i(t) = -6*l(t) + n(t). Calculate i(v).
-8
Let d(q) = 5*q**2 + 8*q + q**3 - 11*q - 14107 + 14105. Determine d(-4).
26
Suppose 0 = -4*w + 3*w + 4*i + 40, 3*i = 0. Let a = w + -42. Let o(h) = -10*h + 1. Give o(a).
21
Let k = -621 - -633. Let n(l) = 3*l - 41. Let g be n(k). Let b(v) = v - 2. What is b(g)?
-7
Let l(n) = -10*n**3 - 5*n**2 + 68*n + 68. Let q be l(-1). Let i(p) = p**2 - 13*p + 26. Give i(q).
-14
Suppose -4 = 4*d - 0. Let s(u) = 148303953 - 8*u - 74151980 - 74151974. Calculate s(d).
7
Let s be (-6210)/120*(-2)/(-3)*14. Let l = s + 477. Let x(r) = -3 + 5*r**2 - 5*r + 1 + 1 + r**3. Calculate x(l).
-7
Let n(a) = -8*a - 201. Suppose -32*y + 141*y + 3608 = 992. Calculate n(y).
-9
Let v be (1*-18)/(57/(-38)). Let t(m) = -m**3 - 721*m + 357*m - 11 - v*m**2 + 352*m. Calculate t(-11).
0
Suppose 5*w + 215 - 240 = 0. Let f(o) = 6 - 7 - w - o - 7. Determine f(-9).
-4
Let k(o) = -o**2 - 21*o - 31. Suppose -558*q - 90 = -553*q - j, 0 = 4*q + 2*j + 86. What is k(q)?
7
Let p(m) be the first derivative of -m**4/4 + 7*m**3/3 + m**2 + 27*m - 5232. Calculate p(7).
41
Let z be (-91)/14*(161/(-91) + 1). Let j(r) = r + 4*r - r + 3*r**2 + 6 - 4*r**2. What is j(z)?
1
Suppose 0 = 2*a + 5*z - 19, -65*a + 70*a - 4*z = 31. Suppose 5*r + 3 = -4*d - 3, -4*r = 8. Let f(m) = 0 - 5 + 2*m - d - 3. Calculate f(a).
5
Let z be 42/10 - (-2)/(-10) - -13. Suppose 3*n = z - 2. Suppose 0 = -j + 4*c + 4 - 22, 31 = 3*j + n*c. Let x(b) = b**2 - 2*b + 3. Give x(j).
3
Suppose -89 = -t - 80, 5*q + 2*t = 38. Let b(c) = 7*c + 3. Let v(w) = -6*w - 2. Let r(d) = -5*b(d) - 6*v(d). Determine r(q).
1
Let i(l) = -l**2 + 8*l. Let n be (0 - 70)/((-3)/(-5 + 8)). Suppose f = -9*f + n. What is i(f)?
7
Let o(t) = t**3 + 6*t**2 + 3*t - 4. Let f(u) = -7*u + 2. Let w be f(-3). Let c = w - 23. Suppose -4*h + 0*h - 20 = c. Determine o(h).
6
Let n(x) = -x**3 + 5*x**2 - 7*x + 5. Let o = -15 + 18. Let z be n(o). Let s(c) = 2*c + 3 - c**3 + 6*c**z - 4 - 9*c**2. Determine s(-3).
-7
Let z(b) = -10 + 3*b**2 - 4*b**2 - 2 + 4*b + 6*b. Let h be (-2*15/8)/((-21)/280*5). Give z(h).
-12
Let w(s) = -95*s + 8551. Let z be w(90). Let q(g) = -12*g + 3. What is q(z)?
-9
Suppose j - 4*q + 13 = -5, 26 = -3*j + 5*q. Let p be 1*1/(2/j). Let l(k) = -550*k**2 + 1163*k**2 - 601*k**2. Calculate l(p).
12
Let s(m) be the second derivative of -m**4/12 - m**3/3 + 5*m**2/2 - 50569*m. Let k = -15 + 11. Calculate s(k).
-3
Let j(a) = 3*a + 2. Let l(v) be the third derivative of -v**6/120 + v**5/15 + v**4/12 - v**3/3 - v**2. Let o be l(2). Suppose 6 = -8*b - o. Give j(b).
-4
Let r(m) be the second derivative of m**3/6 + 2*m**2 + m + 3. Suppose -15 - 9 = -4*b. Suppose 0*k - 36 = b*k. Calculate r(k).
-2
Let k(s) be the first derivative of -2*s**3 - 1/4*s**4 - 5*s - 236 + 1/2*s**2. Give k(-6).
-11
Let v(z) be the first derivative of -z**4/4 + z**3 + 2*z**2 + 7*z + 3829. Calculate v(5).
-23
Let q(s) = 218*s + 78 + 212*s + 210*s - 641*s. Calculate q(39).
39
Suppose 0 = 11*d + 2777 - 2799. Let z(l) = -l**3 + 5*l**2 - 7*l + 7. What is z(d)?
5
Let h(x) = -3*x**3 - 14*x**2 + 51*x + 3. Let i(m) = -m**3 - 4*m**2 + 18*m + 1. Let y(z) = 3*h(z) - 8*i(z). Give y(-11).
23
Let u(v) be the first derivative of 4*v**3/3 + 7. Let o(l) = l**3 - l**2 - 4*l + 5. Let m = -66 + 68. Let d be o(m). Give u(d).
4
Let v(p) be the first derivative of 4/3*p**3 + 1/4*p**4 - 22 - 3*p**2 + 3*p. Determine v(-5).
8
Let w(m) = -m**2 + 9*m + 1. Let o = 1399 - 1389. Give w(o).
-9
Let l(s) = -s**2 + 9*s - 4. Let h be (-92)/(-10) + -17 + (-588)/(-35). Determine l(h).
-4
Let u = -16668 + 16662. Let x(m) = -m**3 - 7*m**2 + 2*m + 46. Determine x(u).
-2
Let q(g) = -10*g**3 - g + 1. Suppose -22*v - 27 = -5. Let x be -2 - (-7 - v - (-27)/9). Determine q(x).
-10
Let v(m) be the second derivative of -m**5/120 + m**4/4 + 2*m**3/3 + m. Let r(c) be the second derivative of v(c). Suppose -6*z + 22*z - 96 = 0. Calculate r(z).
0
Let w(n) = 0*n**3 - 8 + n**3 - n**2 + 0*n**3. Let v be (-22)/(462/9) + (-3)/(-7). Give w(v).
-8
Let a(n) be the second derivative of n**5/20 - n**3/2 - n**2/2 - n. Let h(w) = w**3 - 3*w**2 - w - 9. Let g be h(4). Let q be (-5)/g - 0 - 48/144. Give a(q).
-3
Let d be (49/(-343))/((-2)/70). Let j(f) = 2*f**2 - 14*f - 9. Give j(d).
-29
Let p(x) = -22 - 54*x - 41*x + 86*x. Calculate p(-3).
5
Let q be ((-4)/40*-5)/((-2)/(-244)). Let x = 62 - q. Let j(m) = -4*m**2 + 9. Let b(n) = n**2 - n - 1. Let a(l) = x*j(l) + 5*b(l). Calculate a(5).
4
Let j be (125/(-2))/((-31)/186). Let v(b) = 753 - 378 - j - b. What is v(2)?
-2
Let j be -1 + -4 + (702/104 - 2/(-8)). Let z(i) be the third derivative of 0 - 1/60*i**5 + 0*i + j*i**2 - 2/3*i**3 - 7/24*i**4. Determine z(-7).
-4
Let b(d) = 2*d - 22. Let k = 5415 - 5415. Determine b(k).
-22
Let n = 131 + -109. Let z(t) = -t**2 + 20*t + 39. Give z(n).
-5
Suppose -25 = 3*i + 4*o, 5*i + 37*o + 49 = 34*o. Let q(p) = p + 25. Determine q(i).
14
Let q(s) = -45*s - 125. Let v(y) = 24*y + 62. Let z(b) = -6*q(b) - 11*v(b). Determine z(-11).
2
Suppose 0 = -2*i - i + 15. Suppose -2*v = -0*v + 4, -2*x - i*v - 18 = 0. Let p(y) = -1 + 0*y**2 + 2*y + 2 - 3*y**2 + 0 - y**3. Give p(x).
9
Let w(v) = v - 1. Let c be w(4). Suppose a + c*a = -20. Let l(u) be the first derivative of u**2 - 6*u - 1497. Give l(a).
-16
Let w(d) be the second derivative of -d**6/120 + 2*d**5/15 - d**4/6 + 7*d**3/6 + 61*d**2/2 + 131*d. Let i(m) be the first derivative of w(m). Give i(8).
-25
Let z(j) = -3*j**3 + 16*j**2 - 5*j - 8. Suppose -3*c + 12 = 2*s, 5*c = 7*c. What is z(s)?
-110
Let k(r) = r**3 + 9*r**2 - r + 6. Let y be k(-9). Suppose -11 = j - y. Let c(w) = -3*w**2 - 159*w**3 + 2 + 160*w**3 - 3*w + 1. Determine c(j).
7
Let w(j) = -3 + 0 - 8 - j. Let x = -64884 - -64874. Give w(x).
-1
Let t(q) = -2*q**2 + 2*q + 1. Let g be t(-1). Let l(o) = o + 7. Let d(v) = -2*v - 10. Let u(b) = g*l(b) - 2*d(b). Determine u(6).
5
Let r(s) = -s**3 - 5*s**2 - 4*s - 25. Suppose -5*q = -43*f + 42*f + 27, 3*f = 4*q + 37. Give r(q).
-25
Let l be 2100/(-11025) + (-12)/(-14). Let p(r) be the second derivative of -l*r**4 - 1/20*r**5 - 9/2*r**2 - 19*r + 0 - 3/2*r**3. Give p(-7).
5
Suppose -272 = -132*s + 98*s. Let v(u) = -2*u**2 + 11*u + 33. Determine v(s).
-7
Let r(p) = -p**3 - 3*p**2 + 4*p + 3. Suppose 0 = -3*t + 7*t - g - 9, 5*g - 15 = 0. Suppose 12*u - t*u = -36. What is r(u)?
3
Let r be (54 - (4 + -11))/(1/(-2)). Let o be (-14)/105 + r/(-15). Let w(g) = -g**2 + 8*g - 3. Calculate w(o).
-3
Suppose 322*h - 360*h = 342. Let i(w) = -w**3 - 10*w**2 - 11*w - 22. Give i(h).
-4
Suppose 16*b = 19*b + 2*f - 890, -1202 = -4*b + 5*f. Suppose -b + 330 = 8*y. Let s(j) = -8*j + 6. Give s(y).
-26
Let q(m) = 2*m + 50 - 90 + 3*m - m**3 - 3*m**2 + 43 - 3*m. Suppose -15 = -5*v - 0. Suppose -3 = v*h + 6. Give q(h).
-3
Let f(c) = c**2 - 10*c + 15. Let p(x) = x**2 - 10*x + 16. Let z(u) = -3*u**2 + 9 + 6*u + 2*u**2 - 1 + 1. Let h be z(8). Let w(q) = h*f(q) + 6*p(q). Give w(6).
15
Let v(k) be the first derivative of -k**4/12 + k**3/2 + 3*k**2 - 4*k + 18. Let l(j) be the first derivative of v(j). Calculate l(-2).
-4
Suppose 8*g - 2*g = 12. Let m(z) = 12 - 2*z + 10 - 4*z**3 - 21 + 2*z**g. Suppose -4*o - 16 = -12*o. What is m(o)?
-27
Let t(x) = 7*x - 2 + 5 + 0. Let i(j) = -j**3 + 15*j**2 + 34*j + 14. Let s be i(17). Let g = s - 16. What is t(g)?
-11
Let k(g) = -g - 14. Let h = 100 - 89. Suppose h*i = 4*i - 49. Determine k(i).
-7
Let q(u) = -2*u**2 + 12*u - 4. Suppose -5*n - f + 20 = 0, -n - 6*f = -4*f + 5. Suppose 126 = 16*m + n*m. Determine q(m).
-4
Suppose 0 = 146*n - 103*n + 344. Let g(j) = j**2. Let v(u) = -5*u**2 - 10*u + 9. Let m(q) = -4*g(q) - v(q). Give m(n).
-25
Suppose -8*p + 47 - 20 + 149 = 0. Let l(t) = t**2 - 13*t - 192. Give l(p).
6
Let t(m) = -3 - 4*m**2 - m**2 + m**3 + 1 - 6*m. Suppose 607 + 1742 = -9*l. Let s = l + 267. What is t(s)?
-2
Suppose 0 = 5*r + 3*f + 4, 3*r + 123*f - 126*f + 36 = 0. Let g(m) = -3*m**2 + 2*m + 13. Give g(r).
-72
Let p(t) be the second derivative of -t**5/120 + 13*t**4/24 - 5*t**3 - 3*t - 11. Let f(b) be the second derivative of p(b). Give f(7).
6
Let a(y) = -5 + 4*y - 42*y + 0 + 0*y + 36*y - 3. Let u be (18/21 - 0)*7. What is a(u)?
-20
Let b(x) = -x**3 - 2*x**2 + 22*x - 14. Let k(y) = -2*y**3 + 2*y - 6. Let l be k(0). Determine b(l).
-2
Let l be (5 - (3 + 6)) + 17. Let r(y) 